[INFO] cloning repository https://github.com/Pagwin-Fedora/Hassium
[INFO] running `Command { std: "git" "-c" "credential.helper=" "-c" "credential.helper=/workspace/cargo-home/bin/git-credential-null" "clone" "--bare" "https://github.com/Pagwin-Fedora/Hassium" "/workspace/cache/git-repos/https%3A%2F%2Fgithub.com%2FPagwin-Fedora%2FHassium", kill_on_drop: false }`
[INFO] [stderr] Cloning into bare repository '/workspace/cache/git-repos/https%3A%2F%2Fgithub.com%2FPagwin-Fedora%2FHassium'...
[INFO] running `Command { std: "git" "rev-parse" "HEAD", kill_on_drop: false }`
[INFO] [stdout] 4f814d629bb76acffe67189a1351cbab43443f48
[INFO] checking Pagwin-Fedora/Hassium against master#9610dfe5a9a731ced1ea4923ecbd0c57fe367898 for beta-170-4
[INFO] running `Command { std: "git" "clone" "/workspace/cache/git-repos/https%3A%2F%2Fgithub.com%2FPagwin-Fedora%2FHassium" "/workspace/builds/worker-4-tc1/source", kill_on_drop: false }`
[INFO] [stderr] Cloning into '/workspace/builds/worker-4-tc1/source'...
[INFO] [stderr] done.
[INFO] validating manifest of git repo https://github.com/Pagwin-Fedora/Hassium on toolchain 9610dfe5a9a731ced1ea4923ecbd0c57fe367898
[INFO] running `Command { std: CARGO_HOME="/workspace/cargo-home" RUSTUP_HOME="/workspace/rustup-home" "/workspace/cargo-home/bin/cargo" "+9610dfe5a9a731ced1ea4923ecbd0c57fe367898" "metadata" "--manifest-path" "Cargo.toml" "--no-deps", kill_on_drop: false }`
[INFO] started tweaking git repo https://github.com/Pagwin-Fedora/Hassium
[INFO] finished tweaking git repo https://github.com/Pagwin-Fedora/Hassium
[INFO] tweaked toml for git repo https://github.com/Pagwin-Fedora/Hassium written to /workspace/builds/worker-4-tc1/source/Cargo.toml
[INFO] crate git repo https://github.com/Pagwin-Fedora/Hassium already has a lockfile, it will not be regenerated
[INFO] running `Command { std: CARGO_HOME="/workspace/cargo-home" RUSTUP_HOME="/workspace/rustup-home" "/workspace/cargo-home/bin/cargo" "+9610dfe5a9a731ced1ea4923ecbd0c57fe367898" "fetch" "--manifest-path" "Cargo.toml", kill_on_drop: false }`
[INFO] [stderr]     Updating crates.io index
[INFO] [stderr]  Downloading crates ...
[INFO] [stderr]   Downloaded sc2-proc-macro v1.0.0
[INFO] [stderr]   Downloaded sc2-macro v1.0.0
[INFO] [stderr]   Downloaded tungstenite v0.13.0
[INFO] [stderr]   Downloaded rust-sc2 v1.1.2
[INFO] [stderr]   Downloaded ndarray v0.15.4
[INFO] [stderr]   Downloaded sc2-proto v0.2.3
[INFO] running `Command { std: "docker" "create" "-v" "/var/lib/crater-agent-workspace/builds/worker-4-tc1/target:/opt/rustwide/target:rw,Z" "-v" "/var/lib/crater-agent-workspace/builds/worker-4-tc1/source:/opt/rustwide/workdir:ro,Z" "-v" "/var/lib/crater-agent-workspace/cargo-home:/opt/rustwide/cargo-home:ro,Z" "-v" "/var/lib/crater-agent-workspace/rustup-home:/opt/rustwide/rustup-home:ro,Z" "-e" "SOURCE_DIR=/opt/rustwide/workdir" "-e" "CARGO_TARGET_DIR=/opt/rustwide/target" "-e" "CARGO_HOME=/opt/rustwide/cargo-home" "-e" "RUSTUP_HOME=/opt/rustwide/rustup-home" "-w" "/opt/rustwide/workdir" "-m" "1610612736" "--user" "0:0" "--network" "none" "ghcr.io/rust-lang/crates-build-env/linux@sha256:19e73879b68f455e41552ea35293514db52ea292d993f571636dbffedb77a1ee" "/opt/rustwide/cargo-home/bin/cargo" "+9610dfe5a9a731ced1ea4923ecbd0c57fe367898" "metadata" "--no-deps" "--format-version=1", kill_on_drop: false }`
[INFO] [stdout] e95476a18a44a9321c536d42c3c1b0e38b0a9d7d444e4c93d2fb7d779bc38b1a
[INFO] running `Command { std: "docker" "start" "-a" "e95476a18a44a9321c536d42c3c1b0e38b0a9d7d444e4c93d2fb7d779bc38b1a", kill_on_drop: false }`
[INFO] running `Command { std: "docker" "inspect" "e95476a18a44a9321c536d42c3c1b0e38b0a9d7d444e4c93d2fb7d779bc38b1a", kill_on_drop: false }`
[INFO] running `Command { std: "docker" "rm" "-f" "e95476a18a44a9321c536d42c3c1b0e38b0a9d7d444e4c93d2fb7d779bc38b1a", kill_on_drop: false }`
[INFO] [stdout] e95476a18a44a9321c536d42c3c1b0e38b0a9d7d444e4c93d2fb7d779bc38b1a
[INFO] running `Command { std: "docker" "create" "-v" "/var/lib/crater-agent-workspace/builds/worker-4-tc1/target:/opt/rustwide/target:rw,Z" "-v" "/var/lib/crater-agent-workspace/builds/worker-4-tc1/source:/opt/rustwide/workdir:ro,Z" "-v" "/var/lib/crater-agent-workspace/cargo-home:/opt/rustwide/cargo-home:ro,Z" "-v" "/var/lib/crater-agent-workspace/rustup-home:/opt/rustwide/rustup-home:ro,Z" "-e" "SOURCE_DIR=/opt/rustwide/workdir" "-e" "CARGO_TARGET_DIR=/opt/rustwide/target" "-e" "CARGO_INCREMENTAL=0" "-e" "RUST_BACKTRACE=full" "-e" "RUSTFLAGS=--cap-lints=forbid" "-e" "RUSTDOCFLAGS=--cap-lints=forbid" "-e" "CARGO_HOME=/opt/rustwide/cargo-home" "-e" "RUSTUP_HOME=/opt/rustwide/rustup-home" "-w" "/opt/rustwide/workdir" "-m" "1610612736" "--user" "0:0" "--network" "none" "ghcr.io/rust-lang/crates-build-env/linux@sha256:19e73879b68f455e41552ea35293514db52ea292d993f571636dbffedb77a1ee" "/opt/rustwide/cargo-home/bin/cargo" "+9610dfe5a9a731ced1ea4923ecbd0c57fe367898" "check" "--frozen" "--all" "--all-targets" "--message-format=json", kill_on_drop: false }`
[INFO] [stdout] e58b0520619541642da1b2f489c06a522bd34ff74973f83e48028481b71409dc
[INFO] running `Command { std: "docker" "start" "-a" "e58b0520619541642da1b2f489c06a522bd34ff74973f83e48028481b71409dc", kill_on_drop: false }`
[INFO] [stderr]    Compiling autocfg v1.1.0
[INFO] [stderr]     Checking cfg-if v1.0.0
[INFO] [stderr]    Compiling libc v0.2.121
[INFO] [stderr]    Compiling proc-macro2 v1.0.36
[INFO] [stderr]    Compiling unicode-xid v0.2.2
[INFO] [stderr]    Compiling memchr v2.4.1
[INFO] [stderr]    Compiling syn v1.0.89
[INFO] [stderr]    Compiling typenum v1.15.0
[INFO] [stderr]    Compiling version_check v0.9.4
[INFO] [stderr]    Compiling crossbeam-utils v0.8.8
[INFO] [stderr]     Checking tinyvec_macros v0.1.0
[INFO] [stderr]     Checking matches v0.1.9
[INFO] [stderr]     Checking percent-encoding v2.1.0
[INFO] [stderr]    Compiling regex-syntax v0.6.25
[INFO] [stderr]    Compiling protobuf v2.27.1
[INFO] [stderr]    Compiling httparse v1.6.0
[INFO] [stderr]     Checking scopeguard v1.1.0
[INFO] [stderr]    Compiling log v0.4.14
[INFO] [stderr]     Checking tinyvec v1.5.1
[INFO] [stderr]     Checking bytes v1.1.0
[INFO] [stderr]    Compiling rayon-core v1.9.1
[INFO] [stderr]     Checking ppv-lite86 v0.2.16
[INFO] [stderr]     Checking unicode-bidi v0.3.7
[INFO] [stderr]     Checking form_urlencoded v1.0.1
[INFO] [stderr]     Checking opaque-debug v0.3.0
[INFO] [stderr]    Compiling sc2-proto v0.2.3
[INFO] [stderr]    Compiling memoffset v0.6.5
[INFO] [stderr]    Compiling num-traits v0.2.14
[INFO] [stderr]    Compiling generic-array v0.14.5
[INFO] [stderr]    Compiling crossbeam-epoch v0.9.8
[INFO] [stderr]    Compiling num-integer v0.1.44
[INFO] [stderr]    Compiling indexmap v1.8.0
[INFO] [stderr]     Checking rawpointer v0.2.1
[INFO] [stderr]     Checking itoa v1.0.1
[INFO] [stderr]     Checking either v1.6.1
[INFO] [stderr]     Checking cpufeatures v0.2.2
[INFO] [stderr]     Checking fnv v1.0.7
[INFO] [stderr]     Checking crossbeam-channel v0.5.4
[INFO] [stderr]     Checking matrixmultiply v0.3.2
[INFO] [stderr]     Checking http v0.2.6
[INFO] [stderr]     Checking input_buffer v0.4.0
[INFO] [stderr]     Checking aho-corasick v0.7.18
[INFO] [stderr]    Compiling rayon v1.5.1
[INFO] [stderr]    Compiling quote v1.0.16
[INFO] [stderr]     Checking unicode-normalization v0.1.19
[INFO] [stderr]     Checking crossbeam-deque v0.8.1
[INFO] [stderr]     Checking getrandom v0.2.5
[INFO] [stderr]     Checking dirs-sys v0.3.7
[INFO] [stderr]     Checking num_cpus v1.13.1
[INFO] [stderr]     Checking hashbrown v0.11.2
[INFO] [stderr]     Checking rand_core v0.6.3
[INFO] [stderr]     Checking byteorder v1.4.3
[INFO] [stderr]     Checking utf-8 v0.7.6
[INFO] [stderr]     Checking base64 v0.13.0
[INFO] [stderr]     Checking dirs v3.0.2
[INFO] [stderr]     Checking rand_chacha v0.3.1
[INFO] [stderr]     Checking itertools v0.10.3
[INFO] [stderr]     Checking maplit v1.0.2
[INFO] [stderr]     Checking num-complex v0.4.0
[INFO] [stderr]     Checking rustc-hash v1.1.0
[INFO] [stderr]     Checking rand v0.8.5
[INFO] [stderr]     Checking digest v0.9.0
[INFO] [stderr]     Checking block-buffer v0.9.0
[INFO] [stderr]     Checking idna v0.2.3
[INFO] [stderr]     Checking sha-1 v0.9.8
[INFO] [stderr]     Checking ndarray v0.15.4
[INFO] [stderr]    Compiling regex v1.5.5
[INFO] [stderr]     Checking url v2.2.2
[INFO] [stderr]    Compiling thiserror-impl v1.0.30
[INFO] [stderr]    Compiling sc2-proc-macro v1.0.0
[INFO] [stderr]    Compiling num-derive v0.3.3
[INFO] [stderr]     Checking sc2-macro v1.0.0
[INFO] [stderr]     Checking thiserror v1.0.30
[INFO] [stderr]     Checking tungstenite v0.13.0
[INFO] [stderr]     Checking rust-sc2 v1.1.2
[INFO] [stderr]     Checking Hassium v0.1.0 (/opt/rustwide/workdir)
[INFO] [stdout] error[E0107]: missing generics for trait `UnitManager`
[INFO] [stdout]   --> src/framework/mod.rs:51:26
[INFO] [stdout]    |
[INFO] [stdout] 51 |     unit_manager:Box<dyn UnitManager>,
[INFO] [stdout]    |                          ^^^^^^^^^^^ expected 1 generic argument
[INFO] [stdout]    |
[INFO] [stdout] note: trait defined here, with 1 generic parameter: `Id`
[INFO] [stdout]   --> src/framework/mod.rs:23:11
[INFO] [stdout]    |
[INFO] [stdout] 23 | pub trait UnitManager<Id> where Id: Hash{
[INFO] [stdout]    |           ^^^^^^^^^^^ --
[INFO] [stdout] help: add missing generic argument
[INFO] [stdout]    |
[INFO] [stdout] 51 |     unit_manager:Box<dyn UnitManager<Id>>,
[INFO] [stdout]    |                                     ++++
[INFO] [stdout] 
[INFO] [stdout] 
[INFO] [stdout] error[E0782]: trait objects must include the `dyn` keyword
[INFO] [stdout]   --> src/framework/mod.rs:42:49
[INFO] [stdout]    |
[INFO] [stdout] 42 | enum Message{RequestUnit(UnitTypeId), QueryUnit(Fn())}
[INFO] [stdout]    |                                                 ^^^^
[INFO] [stdout]    |
[INFO] [stdout] help: add `dyn` keyword before this trait
[INFO] [stdout]    |
[INFO] [stdout] 42 | enum Message{RequestUnit(UnitTypeId), QueryUnit(dyn Fn())}
[INFO] [stdout]    |                                                 +++
[INFO] [stdout] 
[INFO] [stdout] 
[INFO] [stdout] error: aborting due to 2 previous errors
[INFO] [stdout] 
[INFO] [stdout] 
[INFO] [stdout] Some errors have detailed explanations: E0107, E0782.
[INFO] [stdout] 
[INFO] [stdout] For more information about an error, try `rustc --explain E0107`.
[INFO] [stdout] 
[INFO] [stdout] error[E0107]: missing generics for trait `UnitManager`
[INFO] [stdout]   --> src/framework/mod.rs:51:26
[INFO] [stdout]    |
[INFO] [stdout] 51 |     unit_manager:Box<dyn UnitManager>,
[INFO] [stdout]    |                          ^^^^^^^^^^^ expected 1 generic argument
[INFO] [stdout]    |
[INFO] [stdout] note: trait defined here, with 1 generic parameter: `Id`
[INFO] [stdout]   --> src/framework/mod.rs:23:11
[INFO] [stdout]    |
[INFO] [stdout] 23 | pub trait UnitManager<Id> where Id: Hash{
[INFO] [stdout]    |           ^^^^^^^^^^^ --
[INFO] [stdout] help: add missing generic argument
[INFO] [stdout]    |
[INFO] [stdout] 51 |     unit_manager:Box<dyn UnitManager<Id>>,
[INFO] [stdout]    |                                     ++++
[INFO] [stdout] 
[INFO] [stdout] 
[INFO] [stdout] error[E0782]: trait objects must include the `dyn` keyword
[INFO] [stdout]   --> src/framework/mod.rs:42:49
[INFO] [stdout]    |
[INFO] [stdout] 42 | enum Message{RequestUnit(UnitTypeId), QueryUnit(Fn())}
[INFO] [stdout]    |                                                 ^^^^
[INFO] [stdout]    |
[INFO] [stdout] help: add `dyn` keyword before this trait
[INFO] [stdout]    |
[INFO] [stdout] 42 | enum Message{RequestUnit(UnitTypeId), QueryUnit(dyn Fn())}
[INFO] [stdout]    |                                                 +++
[INFO] [stdout] 
[INFO] [stdout] 
[INFO] [stderr] error: could not compile `Hassium` (bin "Hassium") due to 3 previous errors
[INFO] [stdout] error: aborting due to 2 previous errors
[INFO] [stdout] 
[INFO] [stdout] 
[INFO] [stdout] Some errors have detailed explanations: E0107, E0782.
[INFO] [stdout] 
[INFO] [stdout] For more information about an error, try `rustc --explain E0107`.
[INFO] [stdout] 
[INFO] [stderr] warning: build failed, waiting for other jobs to finish...
[INFO] [stderr] error: could not compile `Hassium` (bin "Hassium" test) due to 3 previous errors
[INFO] running `Command { std: "docker" "inspect" "e58b0520619541642da1b2f489c06a522bd34ff74973f83e48028481b71409dc", kill_on_drop: false }`
[INFO] running `Command { std: "docker" "rm" "-f" "e58b0520619541642da1b2f489c06a522bd34ff74973f83e48028481b71409dc", kill_on_drop: false }`
[INFO] [stdout] e58b0520619541642da1b2f489c06a522bd34ff74973f83e48028481b71409dc
